 what is 31200 + -10?
31130
In base 9, what is 5 + -17856?
-17851
In base 14, what is 372b + -a6?
3665
In base 6, what is -2 + -244240?
-244242
In base 2, what is 1011100111110 - -1010?
1011101001000
In base 5, what is 10310 + -244?
10011
In base 4, what is 2011200 - -12?
2011212
In base 14, what is 69157 - 5?
69152
In base 5, what is 1133322 - -10?
1133332
In base 16, what is 237c0 - -3?
237c3
In base 3, what is -22201002 - -2212?
-22121020
In base 9, what is 4744 + 536?
5381
In base 13, what is 3377 - 13?
3364
In base 6, what is 33214404 - 4?
33214400
In base 6, what is -123334 + 15?
-123315
In base 15, what is 22 + -34b?
-329
In base 14, what is 6 - 2b3?
-2ab
In base 3, what is 10022202 - 0?
10022202
In base 16, what is 15d - 66d0?
-6573
In base 3, what is -12111001 - 0?
-12111001
In base 4, what is 10322321 + 13?
10323000
In base 8, what is 2 - -1231202?
1231204
In base 5, what is 13330121 + 13?
13330134
In base 4, what is 2103 + 202?
2311
In base 11, what is 37 + -21a9?
-2172
In base 9, what is 31880 + 2?
31882
In base 15, what is 36b6 + 13?
36c9
In base 5, what is 14 + -110032?
-110013
In base 6, what is -302322 + 1?
-302321
In base 7, what is 63 + -4160?
-4064
In base 3, what is 111210 + -1012?
110121
In base 13, what is a - 87c?
-872
In base 11, what is 77 - 47a?
-403
In base 5, what is 43300402 - 2?
43300400
In base 6, what is -3004 - -235?
-2325
In base 9, what is -24 + 26403?
26368
In base 3, what is -220202200 - 121?
-220210021
In base 9, what is -227 - 17107?
-17335
In base 7, what is -2 - 546533?
-546535
In base 10, what is -11 - 6434?
-6445
In base 16, what is -4aa - 11?
-4bb
In base 10, what is 1 - -420237?
420238
In base 9, what is 1 + 21221?
21222
In base 7, what is -21 + -40031?
-40052
In base 10, what is -3 - -385488?
385485
In base 7, what is -11 - -15331?
15320
In base 6, what is 10 + -430304?
-430254
In base 16, what is 31c - -3?
31f
In base 11, what is -1a59 - -18?
-1a41
In base 12, what is -17b - 1961?
-1b20
In base 12, what is -3ab67a + -3?
-3ab681
In base 6, what is -3 + 1124?
1121
In base 14, what is -4 - 4873?
-4877
In base 16, what is -299c + -b?
-29a7
In base 15, what is -79b + -15e?
-90a
In base 2, what is -100 + -101101010010111110?
-101101010011000010
In base 13, what is -66b5ba + 3?
-66b5b7
In base 4, what is 12102302 + 2?
12102310
In base 6, what is -20514 + -1?
-20515
In base 3, what is -110110011001 - -12?
-110110010212
In base 13, what is 0 - -5441?
5441
In base 15, what is -9e + 33e?
290
In base 3, what is 101 + -22200220?
-22200112
In base 2, what is 10 - -10010010100010000?
10010010100010010
In base 11, what is 10 - 4314?
-4304
In base 13, what is 14c + -8a0?
-751
In base 8, what is 75 + 1305?
1402
In base 8, what is -440 - 1376?
-2036
In base 10, what is -7 - 204142?
-204149
In base 6, what is 153110 + -41?
153025
In base 15, what is -19 - 324?
-33d
In base 3, what is 1102001101000 + -2?
1102001100221
In base 12, what is 222 - 48?
196
In base 12, what is -16315 - 0?
-16315
In base 9, what is 7 + 2021?
2028
In base 7, what is -55 + 61444?
61356
In base 13, what is 3 - -5baa?
5bb0
In base 16, what is -ee + -4b7?
-5a5
In base 13, what is -9814 - -8?
-9809
In base 11, what is 555969 + -3?
555966
In base 12, what is -3 - 21a6?
-21a9
In base 12, what is 2 + 6808?
680a
In base 12, what is 3048 - -8?
3054
In base 13, what is 151224 + -5?
15121c
In base 2, what is -100 + -110001111000000011110?
-110001111000000100010
In base 4, what is 0 - 2200122?
-2200122
In base 13, what is 0 + -480cac?
-480cac
In base 7, what is 24 + -42426?
-42402
In base 7, what is 13 - -1366630?
1366643
In base 10, what is 1028 - 186?
842
In base 10, what is -25778 + 0?
-25778
In base 9, what is 1 + -103638?
-103637
In base 5, what is 2 - 1032220?
-1032213
In base 7, what is 1450 - -3154?
4634
In base 3, what is 12 - -1102202021211?
1102202022000
In base 5, what is 140140210 + 3?
140140213
In base 9, what is 5 + 53226?
53232
In base 11, what is -228103 + 1?
-228102
In base 11, what is 16296 - -8?
162a3
In base 2, what is 1101000000100001110 - -10?
1101000000100010000
In base 11, what is -178a284 - 1?
-178a285
In base 11, what is -5 + a909?
a904
In base 16, what is 2b19 + 3?
2b1c
In base 4, what is -11 - -133031?
133020
In base 11, what is -9 + 42809?
42800
In base 3, what is 0 - 122222202111?
-122222202111
In base 16, what is a33a + -22?
a318
In base 11, what is -2 - -29a173?
29a171
In base 14, what is 187 + 1125?
12ac
In base 14, what is 3 - -774?
777
In base 8, what is -602146 - -16?
-602130
In base 11, what is -2a454 + -5?
-2a459
In base 2, what is -111001 + 10010111?
1011110
In base 6, what is 112223 - -23?
112250
In base 4, what is 22000303 + 11?
22000320
In base 10, what is 5 - -152156?
152161
In base 8, what is -106 + 2714?
2606
In base 14, what is -8 - 314c9?
-314d3
In base 5, what is 2231 - -110320?
113101
In base 9, what is -4 - -7705?
7701
In base 4, what is 10 + -211102121?
-211102111
In base 8, what is 544104 + -3?
544101
In base 11, what is 26 - -62555?
62580
In base 13, what is -1 + 360b1?
360b0
In base 4, what is 3201 - -103310?
113111
In base 3, what is 11220122 + -12102?
11201020
In base 5, what is 4 + 43212021?
43212030
In base 5, what is -141 + 12102033?
12101342
In base 6, what is -1001402 - -14?
-1001344
In base 4, what is -3 - -2113002322?
2113002313
In base 12, what is 22a - -152b2?
15520
In base 5, what is 242223 - -1?
242224
In base 13, what is b - -2b004?
2b012
In base 5, what is -10 + 12233422?
12233412
In base 10, what is -159794 + 2?
-159792
In base 7, what is -13141626 + 1?
-13141625
In base 10, what is 2872572 - 4?
2872568
In base 6, what is -435 - -201054?
200215
In base 4, what is 21001 + -1?
21000
In base 12, what is -4122 + -a?
-4130
In base 6, what is -13 - -1044214?
1044201
In base 13, what is -13 + -63c?
-652
In base 7, what is 1 - -22230?
22231
In base 12, what is -17a1 - 137?
-1918
In base 13, what is 56 + 165?
1bb
In base 10, what is 219 - 1088?
-869
In base 7, what is 2351 + -41?
2310
In base 11, what is 11408520 + -5?
11408516
In base 8, what is 413 + 1105?
1520
In base 4, what is 3 - -103203221?
103203230
In base 12, what is 4422 - -4?
4426
In base 14, what is -5258 + 82?
-51b6
In base 15, what is -4 - -1db0?
1dab
In base 14, what is 10b1b + -d?
10b0c
In base 13, what is 4 - -26990?
26994
In base 9, what is 1 + -7702?
-7701
In base 11, what is 2389 - -3?
2391
In base 2, what is 101010001000101010 + 0?
101010001000101010
In base 14, what is -4 + 4538?
4534
In base 16, what is -2 - 1637?
-1639
In base 7, what is -40 - -132146?
132106
In base 13, what is 157b22 + -4?
157b1b
In base 4, what is -233 + 10010?
3111
In base 10, what is 13 - 15871?
-15858
In base 10, what is 78 + -29253?
-29175
In base 12, what is 5 - -132bb?
13304
In base 7, what is -466 - -6244?
5445
In base 10, what is -1428 - 13?
-1441
In base 6, what is 3 - 11125?
-11122
In base 13, what is -46 + -b82?
-bc8
In base 16, what is 53 - -39?
8c
In base 5, what is 403044222 - 4?
403044213
In base 10, what is -2091 + -13?
-2104
In base 7, what is -1 + -10121114?
-10121115
In base 4, what is 3220000 - 10332?
3203002
In base 15, what is 2 + 980?
982
In base 12, what is -b1050 + 3?
-b1049
In base 8, what is 703 + 1303?
2206
In base 4, what is 1101 + -1012202?
-1011101
In base 2, what is -1010001001101100 + 111?
-1010001001100101
In base 4, what is 1001 + 20011?
21012
In base 11, what is 343 + -2599?
-2256
In base 13, what is -1 + -54a5?
-54a6
In base 11, what is 9962 + -15?
9948
In base 4, what is -102211 - 300?
-103111
In base 4, what is -21232 - 232?
-22130
In base 13, what is 5 - 6360?
-6358
In base 15, what is -b6b1 - -1?
-b6b0
In base 5, what is -1110043 - 1?
-1110044
In base 13, what is -24 - abc5?
-ac19
In base 10, what is 173 - -3731?
3904
In base 9, what is -116 - -10013?
8786
In base 13, what is 0 - 1b045?
-1b045
In base 9, what is 2754564 + 4?
2754568
In base 11, what is 52a4 + 4?
52a8
In base 13, what is 61 - -1b8c?
1c20
In base 8, what is 10701102 + -2?
10701100
In base 13, what is -10802a + a?
-108020
In base 13, what is -5 + -4781?
-4786
In base 2, what is 1000001111110 - 11001010?
111110110100
In base 6, what is 2554014 - -4?
2554022
In base 14, what is -2a36 - 0?
-2a36
In base 6, what is 3 - 20245?
-20242
In base 16, 